the hundreds digit of 31472836?
8
What is the ten thousands digit of 53142085?
4
What is the hundreds digit of 6129915?
9
What is the hundred millions digit of 699385776?
6
What is the units digit of 488407403?
3
What is the ten millions digit of 905985518?
0
What is the ten thousands digit of 1078137718?
3
What is the hundreds digit of 2254821247?
2
What is the hundreds digit of 80743080?
0
What is the units digit of 403196356?
6
What is the tens digit of 698869757?
5
What is the millions digit of 1356002274?
6
What is the tens digit of 253723232?
3
What is the hundreds digit of 116268323?
3
What is the hundreds digit of 153231271?
2
What is the units digit of 101977200?
0
What is the ten millions digit of 1067072882?
6
What is the ten thousands digit of 53796318?
9
What is the thousands digit of 17537143?
7
What is the ten thousands digit of 104199629?
9
What is the hundred thousands digit of 5198366929?
3
What is the units digit of 75855364?
4
What is the thousands digit of 132399017?
9
What is the units digit of 232547560?
0
What is the thousands digit of 74304669?
4
What is the ten thousands digit of 1433576021?
7
What is the thousands digit of 1188344035?
4
What is the hundreds digit of 1930428247?
2
What is the thousands digit of 102320667?
0
What is the hundred thousands digit of 3009481871?
4
What is the thousands digit of 284655618?
5
What is the hundred thousands digit of 61165866?
1
What is the tens digit of 73457391?
9
What is the tens digit of 210462860?
6
What is the tens digit of 153974970?
7
What is the tens digit of 2861939680?
8
What is the ten thousands digit of 1231464?
3
What is the ten thousands digit of 58179265?
7
What is the ten thousands digit of 1009087466?
8
What is the ten millions digit of 61303499?
6
What is the millions digit of 59992883?
9
What is the hundreds digit of 4067331?
3
What is the hundreds digit of 821388775?
7
What is the hundreds digit of 294648956?
9
What is the ten millions digit of 13676839?
1
What is the thousands digit of 813734500?
4
What is the units digit of 813617282?
2
What is the ten thousands digit of 1644262934?
6
What is the thousands digit of 55440513?
0
What is the ten thousands digit of 729780857?
8
What is the millions digit of 5029251?
5
What is the units digit of 2094112248?
8
What is the ten thousands digit of 2145991059?
9
What is the hundred millions digit of 557675348?
5
What is the ten millions digit of 64922824?
6
What is the hundreds digit of 1661448088?
0
What is the thousands digit of 916067282?
7
What is the tens digit of 31145022?
2
What is the millions digit of 16461308?
6
What is the units digit of 583369425?
5
What is the hundred millions digit of 391994608?
3
What is the hundred thousands digit of 32600509?
6
What is the ten millions digit of 58593278?
5
What is the hundred thousands digit of 38137419?
1
What is the millions digit of 34701752?
4
What is the units digit of 51179268?
8
What is the ten thousands digit of 4679535223?
3
What is the ten thousands digit of 31488895?
8
What is the ten thousands digit of 47387674?
8
What is the hundred millions digit of 644168720?
6
What is the units digit of 22055315?
5
What is the ten thousands digit of 263538259?
3
What is the units digit of 26857274?
4
What is the hundred thousands digit of 1822825178?
8
What is the units digit of 327542800?
0
What is the millions digit of 87250376?
7
What is the hundreds digit of 379595361?
3
What is the units digit of 232288750?
0
What is the millions digit of 24874940?
4
What is the tens digit of 11480998?
9
What is the thousands digit of 95284951?
4
What is the hundred millions digit of 352829055?
3
What is the units digit of 90005158?
8
What is the thousands digit of 103258738?
8
What is the hundred thousands digit of 2235434845?
4
What is the units digit of 75633208?
8
What is the ten thousands digit of 63149017?
4
What is the hundred millions digit of 485093982?
4
What is the hundred millions digit of 246094328?
2
What is the thousands digit of 582167293?
7
What is the hundreds digit of 47676212?
2
What is the hundred thousands digit of 9252146?
2
What is the ten thousands digit of 121326180?
2
What is the hundred thousands digit of 62964098?
9
What is the ten millions digit of 18017672?
1
What is the units digit of 193515826?
6
What is the tens digit of 47876789?
8
What is the hundreds digit of 943302702?
7
What is the units digit of 61115747?
7
What is the tens digit of 166003947?
4
What is the hundred millions digit of 287800966?
2
What is the units digit of 47699063?
3
What is the billions digit of 1234616655?
1
What is the hundred millions digit of 417992745?
4
What is the units digit of 90827133?
3
What is the millions digit of 83220998?
3
What is the units digit of 2461419791?
1
What is the ten thousands digit of 127129661?
2
What is the tens digit of 2202431207?
0
What is the hundreds digit of 404043744?
7
What is the hundreds digit of 3308744860?
8
What is the thousands digit of 35155677?
5
What is the units digit of 1716949685?
5
What is the hundreds digit of 40945302?
3
What is the ten millions digit of 164272253?
6
What is the units digit of 62511032?
2
What is the hundreds digit of 14061609?
6
What is the billions digit of 7924967650?
7
What is the hundred thousands digit of 2276133770?
1
What is the tens digit of 803291360?
6
What is the hundred millions digit of 596939674?
5
What is the tens digit of 43659502?
0
What is the hundreds digit of 1769860934?
9
What is the ten thousands digit of 233465905?
6
What is the tens digit of 1247011?
1
What is the millions digit of 29645373?
9
What is the hundred thousands digit of 9005753?
0
What is the tens digit of 302088531?
3
What is the millions digit of 4263267418?
3
What is the units digit of 33082824?
4
What is the millions digit of 32022472?
2
What is the thousands digit of 342045938?
5
What is the ten millions digit of 36420810?
3
What is the hundred thousands digit of 97696624?
6
What is the hundreds digit of 42547804?
8
What is the millions digit of 70169022?
0
What is the hundred millions digit of 179429963?
1
What is the hundred millions digit of 397601803?
3
What is the tens digit of 174674161?
6
What is the tens digit of 90766759?
5
What is the tens digit of 1359029448?
4
What is the thousands digit of 1651207931?
7
What is the hundreds digit of 37675967?
9
What is the hundred thousands digit of 264155698?
1
What is the ten thousands digit of 61385148?
8
What is the millions digit of 44333919?
4
What is the ten millions digit of 270715205?
7
What is the ten thousands digit of 34520233?
2
What is the hundred thousands digit of 707596583?
5
What is the millions digit of 33778270?
3
What is the hundred thousands digit of 744406725?
4
What is the ten thousands digit of 127830194?
3
What is the hundred millions digit of 292288413?
2
What is the ten thousands digit of 47895631?
9
What is the thousands digit of 788308650?
8
What is the tens digit of 119763239?
3
What is the tens digit of 882322313?
1
What is the hundred millions digit of 1509896365?
5
What is the hundred thousands digit of 1067406848?
4
What is the hundreds digit of 96887936?
9
What is the hundreds digit of 76697204?
2
What is the tens digit of 10543049?
4
What is the tens digit of 485185826?
2
What is the hundred millions digit of 104099493?
1
What is the tens digit of 86001995?
9
What is the hundred millions digit of 843576116?
8
What is the hundred millions digit of 821010072?
8
What is the ten millions digit of 315399031?
1
What is the hundreds digit of 371248864?
8
What is the millions digit of 215319744?
5
What is the units digit of 1465225805?
5
What is the hundred thousands digit of 194430804?
4
What is the thousands digit of 12053336?
3
What is the units digit of 1960883150?
0
What is the hundred thousands digit of 40786426?
7
What is the hundred millions digit of 191608349?
1
What is the ten millions digit of 951136408?
5
What is the tens digit of 18594248?
4
What is the thousands digit of 2828600457?
0
What is the ten millions digit of 3417699234?
1
What is the units digit of 7491348?
8
What is the hundred millions digit of 4112186428?
1
What is the hundred millions digit of 4017215258?
0
What is the thousands digit of 1290788539?
8
W